er?
True
Is 1202057 a prime number?
True
Is 362119 prime?
False
Is 5032399 a prime number?
False
Is 1099957 a composite number?
False
Is 33723409 a prime number?
False
Is 121584769 prime?
False
Is 291866291 a composite number?
False
Is 30577697 composite?
False
Is 42450451 composite?
False
Is 13149043 prime?
True
Is 3026473 a composite number?
False
Is 2995049 composite?
True
Is 137102821 composite?
False
Is 4969589 a prime number?
True
Is 15014057 prime?
True
Is 7766989 a composite number?
True
Is 235616239 a prime number?
False
Is 1859997 prime?
False
Is 46628989 a composite number?
True
Is 47478811 a composite number?
True
Is 394849381 a prime number?
False
Is 1736347 prime?
True
Is 37210349 prime?
False
Is 4874739 composite?
True
Is 17538709 a composite number?
False
Is 418667 composite?
False
Is 103255585 composite?
True
Is 5640101 a composite number?
True
Is 487979 prime?
True
Is 68451559 a prime number?
False
Is 212353 a prime number?
True
Is 100609753 a prime number?
True
Is 814741 prime?
True
Is 18801589 a prime number?
False
Is 45801827 a prime number?
True
Is 106786013 a prime number?
True
Is 4718269 a composite number?
False
Is 118159 a prime number?
False
Is 650891517 a prime number?
False
Is 3571 prime?
True
Is 11898211 a composite number?
True
Is 2208463 prime?
True
Is 2575019 a prime number?
True
Is 21434531 prime?
True
Is 6689301 a composite number?
True
Is 2968513 composite?
False
Is 48881467 prime?
True
Is 974593 a prime number?
False
Is 2630587 composite?
False
Is 2754067 a composite number?
False
Is 4145099 composite?
True
Is 31343911 composite?
True
Is 2842181 prime?
True
Is 120277027 a composite number?
True
Is 3145997 a prime number?
True
Is 4218241 a composite number?
False
Is 7736311 prime?
False
Is 56202863 a composite number?
False
Is 3142609 a prime number?
False
Is 3279437 prime?
False
Is 6670853 a composite number?
True
Is 264527 a prime number?
True
Is 16504459 composite?
True
Is 13298687 a composite number?
False
Is 2721269 a prime number?
False
Is 69307699 composite?
False
Is 20143379 composite?
False
Is 1492476973 prime?
False
Is 775711 a prime number?
True
Is 31932226 a composite number?
True
Is 1156042 a composite number?
True
Is 124748131 a composite number?
True
Is 4258661 composite?
True
Is 30637723 composite?
True
Is 4118971 composite?
False
Is 754513 a prime number?
True
Is 31184819 composite?
False
Is 4649957 composite?
True
Is 626447 a composite number?
True
Is 1894637 a composite number?
True
Is 28947251 prime?
True
Is 88426327 composite?
True
Is 9121153 a prime number?
True
Is 5935411 a prime number?
False
Is 4605787 prime?
True
Is 112407071 prime?
False
Is 83746999 composite?
True
Is 4573909 a prime number?
False
Is 23001313 a prime number?
True
Is 1064740535 a composite number?
True
Is 33849679 prime?
False
Is 2556901 composite?
True
Is 495682133 composite?
True
Is 4961245 a composite number?
True
Is 304304447 a prime number?
False
Is 5942413 composite?
True
Is 14501489 a prime number?
False
Is 48447757 prime?
False
Is 60353173 composite?
True
Is 141246286 composite?
True
Is 1803727 composite?
True
Is 74645689 prime?
True
Is 119627741 a composite number?
False
Is 2071385 a composite number?
True
Is 19123369 a prime number?
True
Is 1743227 composite?
True
Is 3116473 composite?
True
Is 671631715 prime?
False
Is 993275479 a prime number?
False
Is 1297033 prime?
False
Is 2333377 a composite number?
False
Is 128457194 a composite number?
True
Is 7720151 a composite number?
False
Is 9029689 prime?
True
Is 349499951 a composite number?
False
Is 42790789 a prime number?
True
Is 3661117 a composite number?
True
Is 18548317 a composite number?
True
Is 54832969 a composite number?
False
Is 3531251 prime?
False
Is 14537249 a composite number?
True
Is 105059219 prime?
False
Is 266338379 a prime number?
True
Is 22696541 a composite number?
True
Is 12296393 a composite number?
True
Is 20941163 a prime number?
True
Is 1300709 a prime number?
True
Is 195523 a composite number?
True
Is 17706257 prime?
True
Is 85037 prime?
True
Is 35078789 a composite number?
True
Is 12505051 a composite number?
True
Is 95212343 prime?
True
Is 86061511 prime?
True
Is 23312621 a composite number?
True
Is 6545509 a prime number?
True
Is 1936283 a composite number?
True
Is 51631351 composite?
False
Is 10036837 a prime number?
True
Is 19787113 prime?
False
Is 446546 a composite number?
True
Is 8720261 a prime number?
False
Is 35513245 composite?
True
Is 658456817 a prime number?
True
Is 13204871 a prime number?
False
Is 7626551 a composite number?
True
Is 342866539 a composite number?
False
Is 1265431 prime?
True
Is 8398181 prime?
False
Is 1124411 a prime number?
False
Is 82046213 a composite number?
True
Is 77521 prime?
True
Is 3110747 a prime number?
False
Is 5275373 a prime number?
True
Is 19819003 prime?
True
Is 6618851 a composite number?
False
Is 14288629 prime?
False
Is 1399291 composite?
True
Is 289181219 prime?
True
Is 8043059 a prime number?
True
Is 718650883 a composite number?
True
Is 4214807 prime?
True
Is 115765921 prime?
True
Is 134118529 composite?
False
Is 345407573 a composite number?
True
Is 170858 prime?
False
Is 6500719 a composite number?
True
Is 4580503 prime?
True
Is 50515202 a composite number?
True
Is 272131 a prime number?
True
Is 69841 a composite number?
True
Is 20287317 prime?
False
Is 148926727 composite?
True
Is 294401719 a composite number?
True
Is 25054099 a composite number?
True
Is 167291 composite?
True
Is 2266081 composite?
True
Is 2810747 prime?
True
Is 20644189 prime?
False
Is 30338417 a composite number?
False
Is 146323111 composite?
True
Is 345672617 a composite number?
True
Is 15122851 composite?
False
Is 4790959 a composite number?
True
Is 21966257 a composite number?
False
Is 13421341 prime?
False
Is 5338831 a prime number?
True
Is 11140421 a prime number?
True
Is 14553961 a composite number?
False
Is 112986647 prime?
True
Is 8408461 a prime number?
True
Is 1762211 composite?
True
Is 4071047 composite?
False
Is 177404867 prime?
True
Is 16462709 composite?
False
Is 37447747 a prime number?
False
Is 82805111 a prime number?
False
Is 75870127 a prime number?
True
Is 9908693 prime?
True
Is 62274581 a composite number?
False
Is 51562733 a prime number?
True
Is 1257281 prime?
True
Is 748664221 composite?
False
Is 923435 composite?
True
Is 684407 a composite number?
False
Is 21470417 a prime number?
True
Is 415993 a composite number?
False
Is 53764969 composite?
True
Is 95598863 prime?
True
Is 1800707 a composite number?
False
Is 24973433 a prime number?
False
Is 17418649 prime?
False
Is 34811839 prime?
True
Is 2395739 prime?
True
Is 25885199 prime?
True
Is 16769347 composite?
True
Is 17553377 prime?
True
Is 273629261 a prime number?
False
Is 4238717 a prime number?
False
Is 49272869 composite?
False
Is 110103911 a prime number?
False
Is 5324797 a composite number?
True
Is 13091567 a prime number?
True
Is 16358077 a composite number?
False
Is 4491929 a prime number?
False
Is 6238571 composite?
True
Is 9441737 a composite number?
False
Is 102960861 composite?
True
Is 89363 a composite number?
False
Is 97759547 prime?
True
Is 24130443 prime?
False
Is 15573683 prime?
False
Is 11437087 prime?
True
Is 91243241 a composite number?
False
Is 89661617 a prime number?
False
Is 263674 a composite number?
True
Is 516031 a prime number?
False
Is 4043213 composite?
True
Is 55677719 a composite number?
True
Is 284486021 prime?
False
Is 8826641 prime?
False
Is 489470909 composite?
True
Is 4175827 a prime number?
True
Is 12363671 a composite number?
True
Is 53158051 a prime number?
True
Is 65551877 a composite number?
True
Is 13250455 prime?
False
Is 21782447 composite?
False
Is 318443189 composite?
True
Is 43864033 a prime number?
False
Is 4058963 a prime number?
True
Is 47473813 a composite number?
False
Is 3098209 composite?
False
Is 118527427 a prime number?
False
Is 35891257 a composite number?
False
Is 67933951 prime?
False
Is 229393 a prime number?
True
Is 8018735 a composite number?
True
Is 16530607 a composite number?
False
Is 5741689 prime?
True
Is 146250785 a composite number?
True
Is 483743899 prime?
True
Is 228231485 a composite number?
True
Is 122009 a prime number?
False
Is 20545501 composite?
T